{"id":2,"date":"2020-04-02T08:52:34","date_gmt":"2020-04-02T08:52:34","guid":{"rendered":"https:\/\/www.farmec.ro\/compania\/?page_id=2"},"modified":"2026-01-29T07:31:43","modified_gmt":"2026-01-29T07:31:43","slug":"despre-farmec","status":"publish","type":"page","link":"https:\/\/www.farmec.ro\/compania\/","title":{"rendered":"Despre Farmec"},"content":{"rendered":"\n<div class=\"wp-block-columns\">\n<div class=\"wp-block-column\" style=\"flex-basis:66.66%\">\n<h2>CINE SUNTEM NOI<\/h2>\n\n\n\n<p>De peste 130 de ani, reprezent\u0103m industria local\u0103 de cosmetice, impresion\u00e2nd o lume \u00eentreag\u0103 cu un portofoliu multibrand ce con\u021bine produse eficiente, concepute \u00een laboratoare performante.<\/p>\n\n\n\n<p><\/p>\n\n\n\n<figure class=\"wp-block-embed-youtube wp-block-embed is-type-video is-provider-youtube wp-embed-aspect-16-9 wp-has-aspect-ratio\"><div class=\"wp-block-embed__wrapper\">\n<iframe loading=\"lazy\" title=\"Film Companie Farmec\" width=\"1100\" height=\"619\" src=\"https:\/\/www.youtube.com\/embed\/gZx5z3NXwzc?feature=oembed\" frameborder=\"0\" allow=\"accelerometer; autoplay; clipboard-write; encrypted-media; gyroscope; picture-in-picture; web-share\" referrerpolicy=\"strict-origin-when-cross-origin\" allowfullscreen><\/iframe>\n<\/div><\/figure>\n\n\n\n<p>Portofoliul Farmec cuprinde: produse de \u00eengrijire a tenului, a corpului \u0219i a p\u0103rului; produse de machiaj; produse de igien\u0103 oral\u0103; produse de protec\u0163ie solar\u0103; produse de cosmetic\u0103 profesional\u0103; produse pentru b\u0103rba\u0163i; solu\u0163ii de \u00eengrijire a locuin\u021bei. Cele mai cunoscute game sunt Gerovital H3 Evolution, Gerovital Plant, Gerovital Tratament Expert, Aslavital, Doina, Farmec, Triumf \u0219i Nuf\u0103r.<\/p>\n\n\n\n<p>Anual, Farmec lanseaz\u0103 \u015fi modernizeaz\u0103 aproximativ 100 de produse, capacitatea total\u0103 de produc\u0163ie fiind de 27 milioane de unit\u0103\u021bi. Tehnologiile integrate de Farmec \u00een ultimii ani contribuie la succesul cosmeticelor fabricate \u00een Rom\u00e2nia, apreciate at\u00e2t \u00een \u021bar\u0103, c\u00e2t \u0219i \u00een afar\u0103.<\/p>\n\n\n\n<p>\u00cen calitate de cel mai mare produc\u0103tor de produse cosmetice cu capital 100% rom\u00e2nesc, Farmec dispune de capacitate de produc\u021bie extins\u0103, de linii tehnologice moderne \u0219i flexibile, precum \u0219i de o flot\u0103 de distribu\u021bie la nivel na\u021bional, av\u00e2nd 10 reprezentan\u021be \u00een zonele principale din \u021bar\u0103.<\/p>\n\n\n\n<p>Re\u021beaua de magazine de brand proprii \u0219i francizate acoper\u0103 puncte strategice din toate regiunile \u021b\u0103rii, iar magazinul online Farmec este la un click distan\u021b\u0103 pentru consumatorii care prefer\u0103 cump\u0103r\u0103turile online.<\/p>\n\n\n\n<h2>MISIUNEA NOASTR\u0102<\/h2>\n\n\n\n<p><\/p>\n\n\n\n<p>Misiunea noastr\u0103 este s\u0103 oferim produse \u0219i servicii la cele mai \u00eenalte standarde de calitate \u0219i din ingrediente atent selec\u021bionate, conform a\u0219tept\u0103rilor \u0219i necesit\u0103\u021bilor actuale ale consumatorilor. Compania noastr\u0103 este certificat\u0103:<\/p>\n\n\n\n<ul><li>ISO 9001:2015 privind Sistemul de Management al Calit\u0103\u021bii;<\/li><li>ISO 14001:2015 privind Sistemul de Management de Mediu;<\/li><li>ISO 22716:2007 privind Bune Practici de Fabricatie a Cosmeticelor.<\/li><\/ul>\n\n\n\n<p>Pentru atingerea obiectivelor de performan\u0163\u0103 \u015fi men\u0163inerea unui standard superior de calitate, Farmec a dezvoltat rela\u0163ii de colaborare cu institu\u0163ii de specialitate, universit\u0103\u0163i \u015fi laboratoare na\u021bionale \u0219i interna\u021bionale pentru cercet\u0103ri, studii de pia\u0163\u0103, dar \u015fi pentru test\u0103ri \u015fi ob\u0163inerea de acredit\u0103ri interna\u0163ionale.<\/p>\n\n\n\n<h2>VALORILE NOASTRE<\/h2>\n\n\n\n<p>Promov\u0103m frumuse\u021bea autentic\u0103 \u0219i farmecul natural al fiec\u0103ruia. De aceea, vei reg\u0103si \u00een produsele noastre ingrediente care \u00ee\u0163i vor dezv\u0103lui personalitatea, care adaug\u0103 lumin\u0103, culoare \u015fi contrast frumuse\u0163ii tale naturale.<\/p>\n\n\n\n<p>Valorile noastre sunt grija pentru frumos \u0219i s\u0103n\u0103tate, respectul fa\u0163\u0103 de tradi\u0163ie \u015fi mediul \u00eenconjur\u0103tor, completate de cercetarea continu\u0103, inova\u021bia \u015fi aten\u0163ia la cerin\u0163ele clien\u0163ilor.<\/p>\n\n\n\n<p><\/p>\n<\/div>\n\n\n\n<div class=\"wp-block-column\" style=\"flex-basis:33.33%\"><\/div>\n<\/div>\n\n\n\n<p><\/p>\n","protected":false},"excerpt":{"rendered":"<p>CINE SUNTEM NOI De peste 130 de ani, reprezent\u0103m industria local\u0103 de cosmetice, impresion\u00e2nd o lume \u00eentreag\u0103 cu un portofoliu multibrand ce con\u021bine produse eficiente, concepute \u00een laboratoare performante. Portofoliul Farmec cuprinde: produse de \u00eengrijire a tenului, a corpului \u0219i a p\u0103rului; produse de machiaj; produse de igien\u0103 oral\u0103; produse de protec\u0163ie solar\u0103; produse de [&hellip;]<\/p>\n","protected":false},"author":12,"featured_media":0,"parent":0,"menu_order":0,"comment_status":"closed","ping_status":"open","template":"","meta":[],"yoast_head":"<!-- This site is optimized with the Yoast SEO plugin v18.4.1 - https:\/\/yoast.com\/wordpress\/plugins\/seo\/ -->\n<title>Despre Farmec &mdash; FARMEC<\/title>\n<meta name=\"description\" content=\"Te invit\u0103m s\u0103 alegi produsele Farmec \u015fi s\u0103 \u00ee\u0163i descoperi individualitatea \u015fi farmecul natural, s\u0103 spui nu frumuse\u0163ii de vitrin\u0103 \u015fi frumuse\u0163ii impersonale.\" \/>\n<meta name=\"robots\" content=\"index, follow, max-snippet:-1, max-image-preview:large, max-video-preview:-1\" \/>\n<link rel=\"canonical\" href=\"https:\/\/www.farmec.ro\/compania\/\" \/>\n<meta property=\"og:locale\" content=\"ro_RO\" \/>\n<meta property=\"og:type\" content=\"article\" \/>\n<meta property=\"og:title\" content=\"Despre Farmec &mdash; FARMEC\" \/>\n<meta property=\"og:description\" content=\"Te invit\u0103m s\u0103 alegi produsele Farmec \u015fi s\u0103 \u00ee\u0163i descoperi individualitatea \u015fi farmecul natural, s\u0103 spui nu frumuse\u0163ii de vitrin\u0103 \u015fi frumuse\u0163ii impersonale.\" \/>\n<meta property=\"og:url\" content=\"https:\/\/www.farmec.ro\/compania\/\" \/>\n<meta property=\"og:site_name\" content=\"FARMEC\" \/>\n<meta property=\"article:modified_time\" content=\"2026-01-29T07:31:43+00:00\" \/>\n<meta name=\"twitter:card\" content=\"summary_large_image\" \/>\n<meta name=\"twitter:label1\" content=\"Est. reading time\" \/>\n\t<meta name=\"twitter:data1\" content=\"2 minute\" \/>\n<script type=\"application\/ld+json\" class=\"yoast-schema-graph\">{\"@context\":\"https:\/\/schema.org\",\"@graph\":[{\"@type\":\"WebSite\",\"@id\":\"https:\/\/www.farmec.ro\/compania\/#website\",\"url\":\"https:\/\/www.farmec.ro\/compania\/\",\"name\":\"FARMEC\",\"description\":\"Brand Rom\u00e2nesc\",\"potentialAction\":[{\"@type\":\"SearchAction\",\"target\":{\"@type\":\"EntryPoint\",\"urlTemplate\":\"https:\/\/www.farmec.ro\/compania\/?s={search_term_string}\"},\"query-input\":\"required name=search_term_string\"}],\"inLanguage\":\"ro-RO\"},{\"@type\":\"WebPage\",\"@id\":\"https:\/\/www.farmec.ro\/compania\/#webpage\",\"url\":\"https:\/\/www.farmec.ro\/compania\/\",\"name\":\"Despre Farmec &mdash; FARMEC\",\"isPartOf\":{\"@id\":\"https:\/\/www.farmec.ro\/compania\/#website\"},\"datePublished\":\"2020-04-02T08:52:34+00:00\",\"dateModified\":\"2026-01-29T07:31:43+00:00\",\"description\":\"Te invit\u0103m s\u0103 alegi produsele Farmec \u015fi s\u0103 \u00ee\u0163i descoperi individualitatea \u015fi farmecul natural, s\u0103 spui nu frumuse\u0163ii de vitrin\u0103 \u015fi frumuse\u0163ii impersonale.\",\"breadcrumb\":{\"@id\":\"https:\/\/www.farmec.ro\/compania\/#breadcrumb\"},\"inLanguage\":\"ro-RO\",\"potentialAction\":[{\"@type\":\"ReadAction\",\"target\":[\"https:\/\/www.farmec.ro\/compania\/\"]}]},{\"@type\":\"BreadcrumbList\",\"@id\":\"https:\/\/www.farmec.ro\/compania\/#breadcrumb\",\"itemListElement\":[{\"@type\":\"ListItem\",\"position\":1,\"name\":\"Acas\u0103\",\"item\":\"https:\/\/www.farmec.ro\/compania\/\"},{\"@type\":\"ListItem\",\"position\":2,\"name\":\"Despre Farmec\"}]}]}<\/script>\n<!-- \/ Yoast SEO plugin. -->","yoast_head_json":{"title":"Despre Farmec &mdash; FARMEC","description":"Te invit\u0103m s\u0103 alegi produsele Farmec \u015fi s\u0103 \u00ee\u0163i descoperi individualitatea \u015fi farmecul natural, s\u0103 spui nu frumuse\u0163ii de vitrin\u0103 \u015fi frumuse\u0163ii impersonale.","robots":{"index":"index","follow":"follow","max-snippet":"max-snippet:-1","max-image-preview":"max-image-preview:large","max-video-preview":"max-video-preview:-1"},"canonical":"https:\/\/www.farmec.ro\/compania\/","og_locale":"ro_RO","og_type":"article","og_title":"Despre Farmec &mdash; FARMEC","og_description":"Te invit\u0103m s\u0103 alegi produsele Farmec \u015fi s\u0103 \u00ee\u0163i descoperi individualitatea \u015fi farmecul natural, s\u0103 spui nu frumuse\u0163ii de vitrin\u0103 \u015fi frumuse\u0163ii impersonale.","og_url":"https:\/\/www.farmec.ro\/compania\/","og_site_name":"FARMEC","article_modified_time":"2026-01-29T07:31:43+00:00","twitter_card":"summary_large_image","twitter_misc":{"Est. reading time":"2 minute"},"schema":{"@context":"https:\/\/schema.org","@graph":[{"@type":"WebSite","@id":"https:\/\/www.farmec.ro\/compania\/#website","url":"https:\/\/www.farmec.ro\/compania\/","name":"FARMEC","description":"Brand Rom\u00e2nesc","potentialAction":[{"@type":"SearchAction","target":{"@type":"EntryPoint","urlTemplate":"https:\/\/www.farmec.ro\/compania\/?s={search_term_string}"},"query-input":"required name=search_term_string"}],"inLanguage":"ro-RO"},{"@type":"WebPage","@id":"https:\/\/www.farmec.ro\/compania\/#webpage","url":"https:\/\/www.farmec.ro\/compania\/","name":"Despre Farmec &mdash; FARMEC","isPartOf":{"@id":"https:\/\/www.farmec.ro\/compania\/#website"},"datePublished":"2020-04-02T08:52:34+00:00","dateModified":"2026-01-29T07:31:43+00:00","description":"Te invit\u0103m s\u0103 alegi produsele Farmec \u015fi s\u0103 \u00ee\u0163i descoperi individualitatea \u015fi farmecul natural, s\u0103 spui nu frumuse\u0163ii de vitrin\u0103 \u015fi frumuse\u0163ii impersonale.","breadcrumb":{"@id":"https:\/\/www.farmec.ro\/compania\/#breadcrumb"},"inLanguage":"ro-RO","potentialAction":[{"@type":"ReadAction","target":["https:\/\/www.farmec.ro\/compania\/"]}]},{"@type":"BreadcrumbList","@id":"https:\/\/www.farmec.ro\/compania\/#breadcrumb","itemListElement":[{"@type":"ListItem","position":1,"name":"Acas\u0103","item":"https:\/\/www.farmec.ro\/compania\/"},{"@type":"ListItem","position":2,"name":"Despre Farmec"}]}]}},"_links":{"self":[{"href":"https:\/\/www.farmec.ro\/compania\/wp-json\/wp\/v2\/pages\/2"}],"collection":[{"href":"https:\/\/www.farmec.ro\/compania\/wp-json\/wp\/v2\/pages"}],"about":[{"href":"https:\/\/www.farmec.ro\/compania\/wp-json\/wp\/v2\/types\/page"}],"author":[{"embeddable":true,"href":"https:\/\/www.farmec.ro\/compania\/wp-json\/wp\/v2\/users\/12"}],"replies":[{"embeddable":true,"href":"https:\/\/www.farmec.ro\/compania\/wp-json\/wp\/v2\/comments?post=2"}],"version-history":[{"count":32,"href":"https:\/\/www.farmec.ro\/compania\/wp-json\/wp\/v2\/pages\/2\/revisions"}],"predecessor-version":[{"id":45591,"href":"https:\/\/www.farmec.ro\/compania\/wp-json\/wp\/v2\/pages\/2\/revisions\/45591"}],"wp:attachment":[{"href":"https:\/\/www.farmec.ro\/compania\/wp-json\/wp\/v2\/media?parent=2"}],"curies":[{"name":"wp","href":"https:\/\/api.w.org\/{rel}","templated":true}]}}